ose -v - 2*s = -23, 13 - 5 = 2*s. Calculate the remainder when v is divided by 6.
3
Let s = 30 + -10. Suppose -v - 3*v = -156. What is the remainder when v is divided by s?
19
Suppose 0 = 5*b - 4*b - 5. What is the remainder when 12 is divided by b?
2
Suppose 0 = -8*s + 3*s + 25. Suppose -20 - 7 = -3*h. What is the remainder when h is divided by s?
4
Let v(z) = z**2 + 2*z - 14. Calculate the remainder when 18 is divided by v(-6).
8
Let j = -19 + 22. Calculate the remainder when j is divided by 3.
0
What is the remainder when 46 is divided by (-3)/(-9) - -1 - 88/(-6)?
14
Let v(u) = 21*u - 12. Calculate the remainder when v(6) is divided by 13.
10
What is the remainder when (-115)/(-3) + (-3)/9 is divided by 13?
12
Let i = 53 - 48. Calculate the remainder when i is divided by 4.
1
Suppose -90 = -2*m + 3*g + 143, g + 117 = m. What is the remainder when m is divided by 30?
28
Suppose 4*n = -4*t + 11 + 1, 4*t = 3*n + 33. Let x = -4 + t. Suppose 2*g - f = 29, x*g - f = -2*g + 57. What is the remainder when g is divided by 5?
4
Let m = -17 + 13. Let u = 13 + m. Calculate the remainder when 15 is divided by u.
6
Suppose -d + 4*x = 2*d - 58, -5*d + 4*x + 102 = 0. Suppose 4*g - 14 = d. Calculate the remainder when g is divided by 3.
0
Let k = 8 + -3. Let r = -1 + k. Suppose -r*a = -6*a + 26. What is the remainder when 25 is divided by a?
12
Let l = 2 - 3. Let n = 1 - l. Suppose -b + 8 - n = 2*h, h = 3*b - 46. What is the remainder when 40 is divided by b?
12
What is the remainder when (-10)/4*36/45 + 72 is divided by 36?
34
Let z be 13 - ((3 - 6) + 1). Let y = -2 + z. Suppose -5*i = -4*s - 2*i + 154, 119 = 3*s - 4*i. What is the remainder when s is divided by y?
11
Suppose -2*f + 15 = -3*j, -4 + 14 = -2*f - 2*j. Suppose 0*g - 190 = -5*g + 5*w, -4*w = f. What is the remainder when g is divided by (0 - 0)/(-2) - -13?
12
Let y = 8 + 5. Calculate the remainder when 24 is divided by y.
11
Let t = 9 - 16. Suppose -2*u + 12 = -4. Calculate the remainder when 20 + (-3 - t)/2 is divided by u.
6
Let d = 58 + -13. Calculate the remainder when d is divided by 18.
9
Calculate the remainder when 23 is divided by -5 + (-388)/(-36) + (-6)/(-27).
5
Let t = 54 + -6. What is the remainder when t is divided by 10?
8
Calculate the remainder when 61 is divided by 2/(12/122) + 10/15.
19
Suppose -59 + 7 = -2*w. What is the remainder when 73 is divided by w?
21
Let o = 22 + 7. Calculate the remainder when 142 is divided by o.
26
Let c = -4 + 82. What is the remainder when c is divided by 20?
18
Let w = -44 - -62. Calculate the remainder when w is divided by (8 - 88/12)/(2/21).
4
Suppose -3*p + 68 = p. Let o = 19 + -3. Suppose -11*s = -o*s + 30. What is the remainder when p is divided by s?
5
Suppose 0 = y - 2*y + 3. Calculate the remainder when ((-40)/y + 3)*-9 is divided by 24.
21
Suppose 0*u = -u + 3*q + 25, 0 = 4*u + 4*q - 20. Calculate the remainder when 17 is divided by u.
7
Let a(b) = 7*b**3 - 14*b**2 + 10*b - 15. Let j(w) = w**3 - w**2 - 1. Let f(v) = a(v) - 6*j(v). What is the remainder when f(8) is divided by 18?
17
Calculate the remainder when 222/((2/(-6))/((-10)/60)) is divided by 29.
24
Let j = -72 + 108. Calculate the remainder when 140 is divided by j.
32
Suppose -196 + 124 = -6*y. What is the remainder when 93 is divided by y?
9
Let b(a) = 2*a + 6. Calculate the remainder when 2/(-6) + 212/6 is divided by b(6).
17
Suppose -h + 123 - 50 = 2*p, -4*p + 2*h + 150 = 0. Suppose 41 = 2*g + 3*c, 2*c + 42 = 2*g + 6*c. Calculate the remainder when p is divided by g.
18
Let o(z) = 9*z - 20. Let m(r) = -10*r + 21. Let i(w) = 3*m(w) + 4*o(w). What is the remainder when 98 is divided by i(7)?
23
Let t(m) = -m + 34. Let j = 37 + -14. Suppose -b = 5 - j. What is the remainder when t(0) is divided by b?
16
Suppose -d + 3*p + 46 = 0, 0 = -5*p - 1 - 14. Calculate the remainder when d is divided by 10.
7
Let r(y) = y**3 - 4*y**2 + 4. Let w be r(4). Suppose 0 = -2*a + 10 - w. Calculate the remainder when 7 is divided by a.
1
Let g = 227 + -211. Calculate the remainder when 35 is divided by g.
3
Suppose -4*h = -2*h - 4. Calculate the remainder when 8 is divided by h.
0
Suppose -5*a + 25 = -0*a. Suppose a*x - 185 = -5*d, 10*d + x - 173 = 5*d. What is the remainder when d is divided by 18?
16
Let p(a) = -a**2 + 8*a + 14. Suppose -2 = l, -t = l + 4*l - 9. What is the remainder when t is divided by p(9)?
4
Suppose 2*l = 2*z, 0*l + 5*z - 30 = -l. Suppose c + 2*b = 7, c = 3*c + l*b - 13. Suppose m - 6*m + 85 = 0. What is the remainder when m is divided by c?
8
Let w(j) be the second derivative of -j**3/6 - 5*j**2/2 + j. Calculate the remainder when 7 is divided by w(-8).
1
Suppose 28 = 3*o + 5*p + 3, 2*o = 5*p. Calculate the remainder when 13 is divided by o.
3
Let l(n) be the first derivative of n**4/4 - 14*n**3/3 + 15*n - 7. What is the remainder when l(14) is divided by ((-2)/3)/((-2)/24)?
7
Let r = 85 - 44. Calculate the remainder when r is divided by 11.
8
Let h = 53 + -49. What is the remainder when 25 is divided by h?
1
Let n(y) be the third derivative of -y**4/24 + 10*y**3/3 - 3*y**2. Calculate the remainder when 1/3*51*1 is divided by n(11).
8
Let g = -68 - -84. What is the remainder when 42 is divided by g?
10
Let u(p) = p**2 - 6*p - 8. Suppose r + 3*r + 3*n - 21 = 0, -2*r = -3*n - 33. Let w be u(r). Let v = -6 + w. Calculate the remainder when 25 is divided by v.
12
Calculate the remainder when 33 is divided by (-2)/(30/(-159)) + (-12)/20.
3
Suppose -l + 25 = -0*l. Suppose 55 = 5*a - l. Let i(m) = -47*m**3 - 2*m**2 - m. What is the remainder when i(-1) is divided by a?
14
Suppose 11 = -4*b + 51. Suppose -2*s + 30 = -b. Suppose 2 = 4*c - 42. What is the remainder when s is divided by c?
9
Suppose -g - 2*g + 4*a + 16 = 0, 2*g - 2*a - 8 = 0. Let x be g - 3/(9/(-21)). Suppose 2*k = x*k - 75. Calculate the remainder when 43 is divided by k.
13
Let j = 21 - 15. Suppose -4*w + j = -14. Suppose 4*d + 3*x = 16, x + 20 = 3*d - w. What is the remainder when 12 is divided by d?
5
Suppose 6 = r + 1. Let j = 35 + -22. Calculate the remainder when j is divided by r.
3
Suppose 3*s - 9 = 30. What is the remainder when 38 is divided by s?
12
Suppose -4*p = -51 - 9. Calculate the remainder when 27 is divided by p.
12
Let s(n) = n**2 + n - 4. Let x be s(5). Calculate the remainder when (-1656)/(-52) + 4/x is divided by 17.
15
Let y be 27 - (2 + 0 + -1). Suppose -5*g = -3*g. Suppose m + m - y = g. What is the remainder when 37 is divided by m?
11
Let s(w) = -6*w - 1. Let v(z) = z**3 - 4*z**2 + z + 1. Let h be v(4). Suppose h = -3*n + 101. What is the remainder when n is divided by s(-3)?
15
Let y = -1 + 5. Suppose -2*t + y*t = 58. Suppose 65 = 5*n - 10. What is the remainder when t is divided by n?
14
Suppose 0 = -2*m - 0 - 8. Calculate the remainder when (-6)/(-12)*(-2 + 32) is divided by (-70)/(-21) - m/6.
3
Let g(r) = -r - 6. Suppose 3*m + f - 20 = 7*m, -5*m - 4*f = 46. Let u be g(m). Suppose -3*n + u*n = -63. What is the remainder when n is divided by 11?
10
Suppose -29 = -5*j + 201. Calculate the remainder when j is divided by (32/(-6))/(12/(-36)).
14
Let t = -5 + 6. Let b be (t + -5)*(-14)/(-4). Let l = -1 - b. What is the remainder when l is divided by 7?
6
Let f(g) = 52*g**3 + 2*g - 2. What is the remainder when 155 is divided by f(1)?
51
Let p(t) = 23*t**2 - 4*t + 3. Let f(b) = -3*b. What is the remainder when p(2) is divided by f(-6)?
15
Let z = 27 - 12. What is the remainder when z is divided by 8?
7
Suppose -4*g = -5 - 19. Let n be ((-4)/3)/((-1)/g). Let v = n - 4. Calculate the remainder when 10 is divided by v.
2
Suppose 5*p - 3*w = 302, 5*p - 2*w - 197 = 106. Let f = -3 - -7. What is the remainder when p is divided by 2/f - (-41)/2?
19
Let j = -6 - -17. What is the remainder when j is divided by 4?
3
Suppose 0 = -3*y - 3, 2*y + 1 = 4*s + 3. What is the remainder when (s*(39 + -2))/(-1) is divided by 13?
11
Suppose -5*l - 35 = 15. Suppose 0 = 4*w + 1 - 57. What is the remainder when w is divided by 4/l - 84/(-10)?
6
Suppose -3*a = 31 - 97. What is the remainder when a is divided by (23 - -1)*((-40)/(-16) + -2)?
10
Let y be ((-1)/3)/(2/(-12)). Suppose y*l + 5*v = 25, 4*v + 5 = l + 12. Suppose -l*s + 14 = 4. Calculate the remainder when 2 is divided by s.
0
Suppose 4*y + d = -0*d + 